e ten thousands digit of 27690100?
9
What is the hundred thousands digit of 147605?
1
What is the ten thousands digit of 227903?
2
What is the hundreds digit of 59836?
8
What is the tens digit of 2224864?
6
What is the thousands digit of 730690?
0
What is the hundreds digit of 184458?
4
What is the tens digit of 9766795?
9
What is the hundreds digit of 1111058?
0
What is the tens digit of 107254?
5
What is the ten millions digit of 14372686?
1
What is the thousands digit of 127702?
7
What is the ten thousands digit of 5082367?
8
What is the thousands digit of 220039?
0
What is the thousands digit of 2230247?
0
What is the hundred thousands digit of 7911077?
9
What is the ten thousands digit of 1973125?
7
What is the hundreds digit of 272742?
7
What is the hundreds digit of 96536?
5
What is the hundred thousands digit of 17070608?
0
What is the ten thousands digit of 15548602?
4
What is the ten thousands digit of 183307?
8
What is the units digit of 175329?
9
What is the hundreds digit of 629085?
0
What is the hundred thousands digit of 19608687?
6
What is the hundreds digit of 5758443?
4
What is the thousands digit of 181568?
1
What is the thousands digit of 420107?
0
What is the thousands digit of 1322084?
2
What is the units digit of 6691239?
9
What is the hundreds digit of 543596?
5
What is the thousands digit of 783893?
3
What is the thousands digit of 15135245?
5
What is the units digit of 11997493?
3
What is the ten thousands digit of 308244?
0
What is the hundreds digit of 14046395?
3
What is the units digit of 117609?
9
What is the units digit of 32896?
6
What is the thousands digit of 21948952?
8
What is the hundreds digit of 6401635?
6
What is the units digit of 5017537?
7
What is the ten thousands digit of 1987666?
8
What is the millions digit of 1228791?
1
What is the hundred thousands digit of 164568?
1
What is the units digit of 4420861?
1
What is the hundred thousands digit of 1156480?
1
What is the hundreds digit of 435674?
6
What is the hundreds digit of 40583?
5
What is the ten millions digit of 15436115?
1
What is the units digit of 10031496?
6
What is the units digit of 3003120?
0
What is the ten thousands digit of 684415?
8
What is the thousands digit of 153355?
3
What is the hundred thousands digit of 102144?
1
What is the thousands digit of 2565024?
5
What is the ten thousands digit of 5042451?
4
What is the thousands digit of 790747?
0
What is the units digit of 819660?
0
What is the thousands digit of 6948582?
8
What is the hundreds digit of 409796?
7
What is the hundreds digit of 7375102?
1
What is the hundreds digit of 6671727?
7
What is the hundreds digit of 268296?
2
What is the ten thousands digit of 1005245?
0
What is the tens digit of 100102?
0
What is the units digit of 4826478?
8
What is the hundreds digit of 356559?
5
What is the ten thousands digit of 1002445?
0
What is the hundred thousands digit of 671989?
6
What is the hundred thousands digit of 528162?
5
What is the ten thousands digit of 15404?
1
What is the thousands digit of 207167?
7
What is the ten thousands digit of 833697?
3
What is the millions digit of 4221524?
4
What is the hundred thousands digit of 179256?
1
What is the hundreds digit of 800765?
7
What is the hundreds digit of 13308079?
0
What is the units digit of 2409507?
7
What is the tens digit of 804714?
1
What is the units digit of 4464914?
4
What is the hundred thousands digit of 111950?
1
What is the ten thousands digit of 8776458?
7
What is the thousands digit of 16184260?
4
What is the units digit of 172333?
3
What is the ten thousands digit of 26090?
2
What is the tens digit of 3702304?
0
What is the hundred thousands digit of 1588779?
5
What is the hundreds digit of 539818?
8
What is the millions digit of 9202598?
9
What is the thousands digit of 216106?
6
What is the ten thousands digit of 2787064?
8
What is the hundred thousands digit of 227628?
2
What is the ten thousands digit of 15251325?
5
What is the hundred thousands digit of 11928038?
9
What is the hundred thousands digit of 4165066?
1
What is the ten thousands digit of 1492562?
9
What is the hundreds digit of 775190?
1
What is the millions digit of 3385938?
3
What is the ten thousands digit of 17569553?
6
What is the tens digit of 29338008?
0
What is the hundred thousands digit of 494532?
4
What is the hundred thousands digit of 2031913?
0
What is the thousands digit of 5218727?
8
What is the units digit of 609845?
5
What is the hundreds digit of 2046?
0
What is the hundreds digit of 277145?
1
What is the hundred thousands digit of 8277419?
2
What is the units digit of 592442?
2
What is the hundred thousands digit of 2444091?
4
What is the hundred thousands digit of 2702686?
7
What is the thousands digit of 2362850?
2
What is the tens digit of 1176236?
3
What is the hundreds digit of 49150?
1
What is the ten thousands digit of 548778?
4
What is the hundred thousands digit of 9361133?
3
What is the hundred thousands digit of 17545892?
5
What is the thousands digit of 336994?
6
What is the hundreds digit of 4935914?
9
What is the ten thousands digit of 17023?
1
What is the units digit of 1529915?
5
What is the tens digit of 17044?
4
What is the tens digit of 565719?
1
What is the units digit of 75958?
8
What is the units digit of 642874?
4
What is the hundred thousands digit of 1228131?
2
What is the hundreds digit of 25328?
3
What is the hundred thousands digit of 593922?
5
What is the hundred thousands digit of 513255?
5
What is the thousands digit of 438821?
8
What is the tens digit of 1407982?
8
What is the ten thousands digit of 89374?
8
What is the units digit of 329042?
2
What is the thousands digit of 48232?
8
What is the units digit of 692788?
8
What is the units digit of 335332?
2
What is the thousands digit of 41671?
1
What is the hundreds digit of 5668257?
2
What is the tens digit of 31310?
1
What is the tens digit of 330803?
0
What is the units digit of 408612?
2
What is the ten thousands digit of 579860?
7
What is the tens digit of 17136651?
5
What is the units digit of 1210854?
4
What is the hundred thousands digit of 584521?
5
What is the thousands digit of 11999734?
9
What is the tens digit of 934299?
9
What is the thousands digit of 8089?
8
What is the thousands digit of 305186?
5
What is the millions digit of 2215136?
2
What is the ten thousands digit of 1029774?
2
What is the hundreds digit of 8131065?
0
What is the thousands digit of 3239522?
9
What is the units digit of 5802852?
2
What is the units digit of 642520?
0
What is the units digit of 298488?
8
What is the hundred thousands digit of 2180578?
1
What is the hundred thousands digit of 488727?
4
What is the thousands digit of 120102?
0
What is the hundred thousands digit of 4744166?
7
What is the units digit of 1319562?
2
What is the hundred thousands digit of 253178?
2
What is the hundreds digit of 1233167?
1
What is the ten thousands digit of 233999?
3
What is the hundreds digit of 2997399?
3
What is the tens digit of 259818?
1
What is the units digit of 9297709?
9
What is the hundreds digit of 2357982?
9
What is the ten thousands digit of 2248753?
4
What is the hundred thousands digit of 599695?
5
What is the ten thousands digit of 1013682?
1
What is the thousands digit of 403194?
3
What is the units digit of 797580?
0
What is the hundred thousands digit of 790646?
7
What is the thousands digit of 5336809?
6
What is the tens digit of 740591?
9
What is the thousands digit of 16914262?
4
What is the thousands digit of 15490541?
0
What is the units digit of 3196986?
6
What is the tens digit of 5146?
4
What is the hundred thousands digit of 324795?
3
What is the hundred thousands digit of 136178?
1
What is the hundred thousands digit of 821739?
8
What is the hundreds digit of 493602?
6
What is the ten thousands digit of 91379?
9
What is the hundred thousands digit of 20366829?
3
What is the ten millions digit of 22588493?
2
What is the ten thousands digit of 6343401?
4
What is the ten thousands digit of 2704600?
0
What is the hundred thousands digit of 813489?
8
What is the tens digit of 49772?
7
What is the tens digit of 917884?
8
What is the millions digit of 6019084?
6
What is the tens digit of 675944?
4
What is the hundred thousands digit